{"id":10,"date":"2026-03-15T13:03:00","date_gmt":"2026-03-15T13:03:00","guid":{"rendered":"https:\/\/fizikala.hr\/index.php\/o-nama\/"},"modified":"2026-04-10T17:19:02","modified_gmt":"2026-04-10T17:19:02","slug":"o-nama","status":"publish","type":"page","link":"https:\/\/fizikala.hr\/index.php\/o-nama\/","title":{"rendered":"O nama"},"content":{"rendered":"\t\t<div data-elementor-type=\"wp-page\" data-elementor-id=\"10\" class=\"elementor elementor-10\">\n\t\t\t\t<div class=\"elementor-element elementor-element-535aa6e e-flex e-con-boxed e-con e-parent\" data-id=\"535aa6e\" data-element_type=\"container\" data-e-type=\"container\" data-settings=\"{&quot;background_background&quot;:&quot;classic&quot;}\">\n\t\t\t\t\t<div class=\"e-con-inner\">\n\t\t\t\t<div class=\"elementor-element elementor-element-54778e9 elementor-widget elementor-widget-heading\" data-id=\"54778e9\" data-element_type=\"widget\" data-e-type=\"widget\" data-widget_type=\"heading.default\">\n\t\t\t\t\t<h2 class=\"elementor-heading-title elementor-size-default\">Upoznajte nas<\/h2>\t\t\t\t<\/div>\n\t\t<div class=\"elementor-element elementor-element-09628a0 e-con-full e-flex e-con e-child\" data-id=\"09628a0\" data-element_type=\"container\" data-e-type=\"container\">\n\t\t\t\t<div class=\"elementor-element elementor-element-837aa5e elementor-widget-tablet__width-initial elementor-position-top elementor-widget elementor-widget-image-box\" data-id=\"837aa5e\" data-element_type=\"widget\" data-e-type=\"widget\" data-widget_type=\"image-box.default\">\n\t\t\t\t\t<div class=\"elementor-image-box-wrapper\"><figure class=\"elementor-image-box-img\"><img fetchpriority=\"high\" decoding=\"async\" width=\"2560\" height=\"1924\" src=\"https:\/\/fizikala.hr\/wp-content\/uploads\/2026\/03\/profilna-scaled.jpg\" class=\"attachment-full size-full wp-image-90\" alt=\"\" srcset=\"https:\/\/fizikala.hr\/wp-content\/uploads\/2026\/03\/profilna-scaled.jpg 2560w, https:\/\/fizikala.hr\/wp-content\/uploads\/2026\/03\/profilna-300x226.jpg 300w, https:\/\/fizikala.hr\/wp-content\/uploads\/2026\/03\/profilna-1024x770.jpg 1024w, https:\/\/fizikala.hr\/wp-content\/uploads\/2026\/03\/profilna-768x577.jpg 768w, https:\/\/fizikala.hr\/wp-content\/uploads\/2026\/03\/profilna-1536x1155.jpg 1536w, https:\/\/fizikala.hr\/wp-content\/uploads\/2026\/03\/profilna-2048x1540.jpg 2048w\" sizes=\"(max-width: 2560px) 100vw, 2560px\" \/><\/figure><div class=\"elementor-image-box-content\"><h4 class=\"elementor-image-box-title\">Vlasnik<\/h4><p class=\"elementor-image-box-description\">Moje ime je Leopold. Vlasnik sam firme Fizikala jdoo. Imam vi\u0161e od deset godina iskustva u odr\u017eavanju vrtova. Zaljubljenik sam u prirodu i volim raditi u vrtovima, a posebno u\u017eivam u sadnji i uzgoju vo\u0107ki. Izme\u0111u ostalog, brinem i za svoj eko vo\u0107njak u \u0160estinama, a rado bi pomogao i vama da zasadite i berete iz svog vlastitog vrta. Zadnjih nekoliko godina usavr\u0161avam se i u drugim poslovima, raznim ku\u0107nim popravcima, monta\u017eama i \u010di\u0161\u0107enju. Kod poslovnih suradnji, va\u017eno mi je da postoji obostrano zadovoljstvo i zato pazim da je komunikacija \u0161to jasnija i da je cijena rada fer i prihvatljiva. Za vi\u0161e informacija, besplatni savjet ili ponudu, molim da me nazovete ili po\u0161aljete poruku. Veselim se budu\u0107oj suradnji.<\/p><\/div><\/div>\t\t\t\t<\/div>\n\t\t\t\t<\/div>\n\t\t\t\t\t<\/div>\n\t\t\t\t<\/div>\n\t\t\t\t<\/div>\n\t\t","protected":false},"excerpt":{"rendered":"<p>Upoznajte nas Vlasnik Moje ime je Leopold. Vlasnik sam firme Fizikala jdoo. Imam vi\u0161e od deset godina iskustva u odr\u017eavanju vrtova. Zaljubljenik sam u prirodu i volim raditi u vrtovima, a posebno u\u017eivam u sadnji i uzgoju vo\u0107ki. Izme\u0111u ostalog, brinem i za svoj eko vo\u0107njak u \u0160estinama, a rado bi pomogao i vama da [&hellip;]<\/p>\n","protected":false},"author":1,"featured_media":0,"parent":0,"menu_order":0,"comment_status":"closed","ping_status":"closed","template":"","meta":{"footnotes":""},"class_list":["post-10","page","type-page","status-publish","hentry"],"_links":{"self":[{"href":"https:\/\/fizikala.hr\/index.php\/wp-json\/wp\/v2\/pages\/10","targetHints":{"allow":["GET"]}}],"collection":[{"href":"https:\/\/fizikala.hr\/index.php\/wp-json\/wp\/v2\/pages"}],"about":[{"href":"https:\/\/fizikala.hr\/index.php\/wp-json\/wp\/v2\/types\/page"}],"author":[{"embeddable":true,"href":"https:\/\/fizikala.hr\/index.php\/wp-json\/wp\/v2\/users\/1"}],"replies":[{"embeddable":true,"href":"https:\/\/fizikala.hr\/index.php\/wp-json\/wp\/v2\/comments?post=10"}],"version-history":[{"count":16,"href":"https:\/\/fizikala.hr\/index.php\/wp-json\/wp\/v2\/pages\/10\/revisions"}],"predecessor-version":[{"id":132,"href":"https:\/\/fizikala.hr\/index.php\/wp-json\/wp\/v2\/pages\/10\/revisions\/132"}],"wp:attachment":[{"href":"https:\/\/fizikala.hr\/index.php\/wp-json\/wp\/v2\/media?parent=10"}],"curies":[{"name":"wp","href":"https:\/\/api.w.org\/{rel}","templated":true}]}}